n divisor of 167 and k?
167
Let s = -2 - -5. Let g(w) = 2*w**3 - 3*w**2 - 5*w + 4. Let n be g(s). Suppose -5*m - k + 288 = k, 4*k - n = 0. What is the highest common factor of 28 and m?
28
Let n = 453 - 173. Suppose -2*y + f + 3*f + n = 0, 4*y = 3*f + 540. Calculate the highest common factor of 12 and y.
12
Suppose -8 = -2*a, 4*p + 5*a = a - 92. Let s be (-2436)/p + 6/(-27). Suppose q + 2*l = 0, 2*l - 17 - 3 = -3*q. What is the greatest common divisor of q and s?
10
Let u(p) = -6*p**2 + p + 137. Let y be u(0). Suppose 9*f - 934 = y. Calculate the highest common divisor of 14 and f.
7
Suppose 4*o + 0*t - 16 = -4*t, 0 = 3*o - 5*t + 12. Let j(f) = -f**3 - 3*f**2 - 226*f - 447. Let v be j(-2). Calculate the greatest common divisor of o and v.
1
Suppose 0 = -92*a - 135 - 141. Suppose -u + 1 = -5*u - 5*g, 0 = -2*u + 4*g + 6. Let m be (16 - 22)*u/a. Calculate the highest common divisor of 14 and m.
2
Suppose -126 = 18*q - 0. Let j be 8 + 154 - q - 8. What is the greatest common factor of j and 207?
23
Let c be ((-1)/2)/((-5283)/1320 - -4). Suppose 0 = 3*o - 5*f - c, o - 36 = -5*f + 4. What is the highest common factor of 234 and o?
13
Let n(r) = r**3 - 48*r**2 + 365*r - 20. Let a be n(9). What is the highest common factor of a and 954?
106
Let i be 184*(3 + -1*2/8). Let g(s) = -9*s - 35. Let z be g(-9). What is the highest common factor of z and i?
46
Suppose 0*s - s - 21 = 0. Let b = s - -37. Suppose 0 = -4*i - z + 16, 0 = i - 5*z - 3 - 1. What is the greatest common factor of i and b?
4
Let q be (-36415)/(-45) + 4/(-18) - 1. Suppose -r + q = 766. What is the highest common factor of 546 and r?
42
Suppose -3*x + 0*x = -36. Let y be 4/5 - 3913/(-65). Suppose -58*n = -y*n + 24. Calculate the greatest common factor of n and x.
4
Let k be -1*7*180/(-42). Let w(d) = 4*d + 4. Let z(s) = 5*s**3 - 2*s**2 + 1. Let x be z(1). Let l be w(x). Calculate the highest common divisor of k and l.
10
Let q(p) = 90*p - 263. Let a be q(3). What is the greatest common divisor of 6895 and a?
7
Suppose 27017 = -16*m + 111609. Calculate the greatest common factor of m and 51.
17
Let u = -9216 + 9276. What is the greatest common divisor of 555 and u?
15
Let p = -5280 + 5580. Calculate the highest common factor of p and 168.
12
Let o(x) = 6*x + 6. Suppose 0 = 5*m - 20 + 5. Suppose h + 1 = 0, f - 3*h + m = -8*h. Let p be o(f). Calculate the highest common factor of p and 54.
18
Let j = -1273 - -1705. Calculate the highest common divisor of j and 2538.
54
Suppose -t = -2*y - 5*t + 80, -4*y + 184 = 2*t. Let s = y + 24. What is the greatest common factor of s and 18?
18
Let v = -49 + 149. Let p = -846 + 1211. Let m = p - 345. Calculate the highest common divisor of v and m.
20
Suppose 38*b = 52811 + 55565. What is the greatest common factor of b and 93?
31
Let q(y) = 439*y - 3530. Let p be q(41). What is the greatest common divisor of 318 and p?
159
Let q = 4586 - 4448. Calculate the highest common divisor of 6946 and q.
46
Suppose 0 = -11*i - 4*m + 1017, 0 = 166*m - 163*m - 12. Let d = 38 + 79. What is the highest common divisor of d and i?
13
Let i be 22 + (532 - (-75)/15). Calculate the greatest common divisor of i and 473.
43
Let h be -25*(-13)/65*(-136)/(-10). Suppose j = -r - 0 - 4, 5*j = 20. Let t be 2 + 11 - 32/r. Calculate the highest common factor of h and t.
17
Let k = -118494 + 118872. Let s = -1 - -15. What is the highest common factor of s and k?
14
Let d be (-7)/(56/(-12))*(125 + (0 - 9)). What is the greatest common factor of 1131 and d?
87
Let a = -7829 + 10192. Calculate the greatest common divisor of a and 17.
17
Suppose -5*r = -n + 355, -3*n = -19*r + 15*r - 1131. Calculate the highest common divisor of n and 99.
11
Let w be 245/7 - 3 - -6. Let x be ((-95)/w)/((-1)/(-220)*-2). What is the greatest common divisor of x and 11?
11
Let w = -30 - -85. Let a = w - -190. Calculate the greatest common factor of a and 49.
49
Let s be 5*(-2 - 30/(-9) - (-11440)/825). Let o = 17 - 24. Let j = o - -11. Calculate the highest common factor of j and s.
4
Let w = 12048 - 3362. What is the greatest common divisor of 344 and w?
86
Let j(q) = 6*q**3 - q**2 - 2*q + 2. Let s be j(1). Let r(k) = -k**3 + 4*k**2 + 2*k + 30. Let g be r(s). What is the highest common factor of 25 and g?
5
Let i = 4010 + -3821. Calculate the highest common divisor of i and 105.
21
Let u(x) = 2*x**3 + 9*x**2 - 55*x + 163. Let i be u(12). Calculate the highest common factor of 111 and i.
37
Let h = 263 - 167. Let x(m) = -m**2 - 5*m + 12. Let n be x(-8). Let w be 2*(16 - n/(-3)). Calculate the highest common divisor of h and w.
24
Suppose 4*a - 6 = 18*a - 272. Calculate the highest common factor of 5358 and a.
19
Suppose -4*b = 2*j - 4, 8*b = 4*j + 10*b - 14. Suppose -j*h + 44 = p, -13*h = -5*p - 11*h + 198. Calculate the highest common divisor of p and 50.
10
Suppose 4 + 23 = 3*g. Suppose -65*c + 23*c + 2*c + 17640 = 0. What is the highest common factor of g and c?
9
Let x(d) = -3*d**2 - 237*d + 45. Let z be x(-79). Suppose -1 = -4*i + 3. What is the greatest common divisor of i and z?
1
Let b(y) = 14*y + 64. Let h(z) = -17*z - 64. Let f(a) = 6*b(a) + 5*h(a). Let q be f(5). What is the greatest common divisor of 177 and q?
59
Let k be 7384/182 + 4/(-7). Calculate the highest common factor of 184 and k.
8
Suppose 4*h + 8 = 2*b + 44, -4*h + 4*b = -32. Suppose 0*a = s - 3*a - 292, 2*s - 580 = 5*a. Calculate the greatest common divisor of h and s.
10
Let m be (2/4)/((-4)/(-24)). Let l = 6 - m. Let b = -423 - -426. What is the highest common divisor of b and l?
3
Let o(q) = q**2 + 13*q + 25. Let w be o(-11). Suppose -w = 22*y - 135. Let r be 2 - 2/2*-1. Calculate the highest common divisor of y and r.
3
Let u(s) = s + 15. Suppose 33 = -d + 5*r - 10*r, 3*d + 19 = r. Let a be u(d). Calculate the greatest common factor of 2 and a.
1
Suppose -521*o - f = -523*o + 1660, -3326 = -4*o + f. What is the greatest common factor of o and 187?
17
Let a be ((-3)/6)/(2/(-288)). Suppose -4 - 4 = 77*w - 78*w. Calculate the greatest common factor of a and w.
8
Suppose 16575 = 227*a - 1131. What is the greatest common factor of 2847 and a?
39
Let h = -728 - -1218. Calculate the highest common factor of 4606 and h.
98
Let q(p) = 1002*p + 174. Let h be q(5). Calculate the highest common factor of 48 and h.
48
Suppose 296793 = 637*a - 574*a. What is the highest common factor of 7 and a?
7
Suppose -k + h - 114 = 0, -k = -h + 3*h + 117. Let p = k - -136. Calculate the highest common factor of p and 357.
21
Let m be 12/16 + 6 + 3165/20. Suppose m*v = 155*v + 350. Calculate the greatest common divisor of 15 and v.
5
Suppose 3 - 14 = -u. Suppose -7*b + 24 = -b. Let g = 7 + b. Calculate the greatest common factor of g and u.
11
Suppose 3*b - 1 = -2*y, b = 4*b - y - 13. Suppose b*f = 4 + 2. Suppose -141 - 129 = -f*s. What is the highest common factor of 27 and s?
27
Suppose 0 = -12*k - 2*k + 20*k - 9408. Calculate the greatest common factor of k and 32.
32
Suppose -12762 = -91*g + 10377 - 7851. Let m(z) = -8*z**3 - z**2 + z + 2. Let i be m(-2). Calculate the highest common factor of g and i.
12
Let w = -163 - -166. Suppose -q + 11 = 12. Let t = q + 3. Calculate the highest common divisor of w and t.
1
Let b = 660 - 646. Let s = -46 - -71. Let m = -4 + s. Calculate the highest common factor of m and b.
7
Let x = 7 - -6. Suppose 8*j = x*j - 100. What is the greatest common divisor of 340 and j?
20
Suppose 17*d + 527 = 50*d - 2707. What is the highest common factor of 2422 and d?
14
Let a = -1076 + 11146. What is the highest common divisor of a and 76?
38
Let a be (-20)/(-5) + ((-8)/(-4))/(-1). Suppose a*n + 5 - 11 = 0. What is the highest common divisor of 33 and n?
3
Let r(f) = 12 + 71 + 9*f - 27 + 63. Let d be r(-9). What is the highest common divisor of d and 323?
19
Suppose 3*n - 280 = -18*x + 22*x, 0 = 2*n + 3*x - 198. What is the highest common divisor of n and 1440?
96
Suppose -3*i + 42 = 3*b, 0 = 3*i - 16*b + 11*b - 66. Suppose i*h - 42 = 43. What is the greatest common factor of 20 and h?
5
Suppose -242*h + 49525 + 3755 = 54*h. What is the highest common divisor of h and 3330?
90
Let r(n) = 4*n**2 + 10*n - 4. Let g(d) = d**2 + d - 2. Let x(j) = 5*g(j) - r(j). Let z be x(10). What is the greatest common divisor of z and 55?
11
